{"id":2,"date":"2023-10-19T00:27:36","date_gmt":"2023-10-18T22:27:36","guid":{"rendered":"https:\/\/saavita.org\/?page_id=2"},"modified":"2023-11-17T04:11:35","modified_gmt":"2023-11-17T03:11:35","slug":"acerca","status":"publish","type":"page","link":"https:\/\/saavita.org\/index.php\/acerca\/","title":{"rendered":"Saavita: un refugio de vida silvestre en Barichara"},"content":{"rendered":"\n<p>En medio de la majestuosidad del Bosque Seco Alto Andino, se encuentra un rinc\u00f3n de la naturaleza que se ha convertido en un faro de esperanza para la vida silvestre. Saavita, un proyecto encabezado por Oswaldo Villamizar Escobar, es m\u00e1s que un nombre; es un santuario de biodiversidad en pleno coraz\u00f3n de Barichara.<\/p>\n\n\n\n<figure class=\"wp-block-embed is-type-video is-provider-youtube wp-block-embed-youtube wp-embed-aspect-4-3 wp-has-aspect-ratio\"><div class=\"wp-block-embed__wrapper\">\n<iframe loading=\"lazy\" title=\"rescate de vida silvestre Barichara-Colombia.\" width=\"960\" height=\"720\" src=\"https:\/\/www.youtube.com\/embed\/M2ws3MP1Y4I?feature=oembed\" frameborder=\"0\" allow=\"accelerometer; autoplay; clipboard-write; encrypted-media; gyroscope; picture-in-picture; web-share\" allowfullscreen><\/iframe>\n<\/div><\/figure>\n\n\n\n<div class=\"wp-block-columns is-layout-flex wp-container-core-columns-is-layout-28f84493 wp-block-columns-is-layout-flex\">\n<div class=\"wp-block-column is-layout-flow wp-block-column-is-layout-flow\">\n<figure class=\"wp-block-image size-full\"><img loading=\"lazy\" decoding=\"async\" width=\"1512\" height=\"2016\" src=\"https:\/\/saavita.org\/wp-content\/uploads\/2023\/10\/WhatsApp-Image-2023-10-31-at-1.07.55-AM-2.jpeg\" alt=\"\" class=\"wp-image-1040\"\/><\/figure>\n<\/div>\n\n\n\n<div class=\"wp-block-column is-layout-flow wp-block-column-is-layout-flow\">\n<figure class=\"wp-block-image size-full\"><img loading=\"lazy\" decoding=\"async\" width=\"1200\" height=\"1600\" src=\"https:\/\/saavita.org\/wp-content\/uploads\/2023\/10\/WhatsApp-Image-2023-10-31-at-1.07.51-AM-3.jpeg\" alt=\"\" class=\"wp-image-1037\"\/><\/figure>\n<\/div>\n\n\n\n<div class=\"wp-block-column is-layout-flow wp-block-column-is-layout-flow\">\n<figure class=\"wp-block-image size-full\"><img loading=\"lazy\" decoding=\"async\" width=\"768\" height=\"1024\" src=\"https:\/\/saavita.org\/wp-content\/uploads\/2023\/10\/WhatsApp-Image-2023-10-31-at-1.07.50-AM-3.jpeg\" alt=\"\" class=\"wp-image-1039\"\/><\/figure>\n<\/div>\n<\/div>\n\n\n\n<p>Desde hace m\u00e1s de dos d\u00e9cadas, Oswaldo y su equipo se han dedicado apasionadamente a la investigaci\u00f3n y conservaci\u00f3n de especies nativas que se encuentran en peligro de extinci\u00f3n. En Saavita, su enfoque se ha centrado en recrear microsistemas que favorecen la supervivencia de tres especies de aves en grave riesgo de desaparici\u00f3n, as\u00ed como varias especies de plantas locales que han sido desplazadas por la agricultura y la ganader\u00eda. Aqu\u00ed, estas especies recuperan la oportunidad de prosperar y desempe\u00f1ar su papel vital en el ecosistema.<\/p>\n\n\n\n<figure class=\"wp-block-embed is-type-video is-provider-youtube wp-block-embed-youtube wp-embed-aspect-4-3 wp-has-aspect-ratio\"><div class=\"wp-block-embed__wrapper\">\n<iframe loading=\"lazy\" title=\"SAAVITA REFUGIO DE VIDA SILVESTRE - SAAVITA WILDLIFE REFUGE\" width=\"960\" height=\"720\" src=\"https:\/\/www.youtube.com\/embed\/F4ewOzTv4II?start=3&#038;feature=oembed\" frameborder=\"0\" allow=\"accelerometer; autoplay; clipboard-write; encrypted-media; gyroscope; picture-in-picture; web-share\" allowfullscreen><\/iframe>\n<\/div><\/figure>\n\n\n\n<p>Pero Saavita no es solo un refugio de vida silvestre; es un faro de conocimiento y tradici\u00f3n. En este rinc\u00f3n m\u00e1gico, se han redescubierto los secretos medicinales de los \u00e1rboles nativos, como el jabocillo y el tachuelo, que han sido utilizados en la medicina tradicional local durante generaciones. Estos \u00e1rboles no solo son pilares de la biodiversidad, sino tambi\u00e9n guardianes de antiguas sabidur\u00edas curativas que se est\u00e1n revitalizando.<\/p>\n\n\n\n<div class=\"wp-block-columns is-layout-flex wp-container-core-columns-is-layout-28f84493 wp-block-columns-is-layout-flex\">\n<div class=\"wp-block-column is-layout-flow wp-block-column-is-layout-flow\">\n<figure class=\"wp-block-image size-full\"><img loading=\"lazy\" decoding=\"async\" width=\"2016\" height=\"1512\" src=\"https:\/\/saavita.org\/wp-content\/uploads\/2023\/10\/WhatsApp-Image-2023-10-31-at-1.07.55-AM-1.jpeg\" alt=\"\" class=\"wp-image-1041\"\/><\/figure>\n<\/div>\n\n\n\n<div class=\"wp-block-column is-layout-flow wp-block-column-is-layout-flow\">\n<figure class=\"wp-block-image size-full\"><img loading=\"lazy\" decoding=\"async\" width=\"1024\" height=\"768\" src=\"https:\/\/saavita.org\/wp-content\/uploads\/2023\/10\/WhatsApp-Image-2023-10-31-at-1.07.54-AM.jpeg\" alt=\"\" class=\"wp-image-1042\"\/><\/figure>\n<\/div>\n<\/div>\n\n\n\n<p>Saavita no es solo un sue\u00f1o ambientalista, sino una realidad tangible. Aqu\u00ed, el conocimiento ancestral se entrelaza con la innovaci\u00f3n, ya que se han aplicado t\u00e9cnicas de origen maya, azteca e ind\u00edgena local de diversas regiones de Colombia, como el norte, el Caribe, el sur, el Pac\u00edfico y la Amazon\u00eda. La combinaci\u00f3n de estos conocimientos ha permitido desarrollar un sistema altamente eficiente que ha sido aplicado en la Reserva Origen del Agua y otros proyectos, logrando la recuperaci\u00f3n y sostenibilidad de suelos anteriormente degradados en un tiempo sorprendentemente corto.<\/p>\n\n\n\n<p>Saavita es un faro de sostenibilidad y desarrollo local. El trabajo incansable de Oswaldo y su equipo no solo beneficia a la vida silvestre, sino que tambi\u00e9n impacta positivamente en las comunidades locales. La revitalizaci\u00f3n de ecosistemas va de la mano con la mejora econ\u00f3mica y el bienestar de la gente de la regi\u00f3n.<\/p>\n\n\n\n<figure class=\"wp-block-image size-full\"><img loading=\"lazy\" decoding=\"async\" width=\"1280\" height=\"960\" src=\"https:\/\/saavita.org\/wp-content\/uploads\/2023\/10\/WhatsApp-Image-2023-10-31-at-12.44.04-AM-3.jpeg\" alt=\"\" class=\"wp-image-1043\"\/><\/figure>\n\n\n\n<p>En Saavita, la naturaleza es una farmacia ancestral, un museo viviente de la biodiversidad y un laboratorio de restauraci\u00f3n de ecosistemas. Es un testimonio de c\u00f3mo la pasi\u00f3n, el conocimiento y el compromiso pueden marcar la diferencia en la preservaci\u00f3n de nuestro planeta. Saavita es un faro de esperanza, un refugio de vida silvestre que ilumina el camino hacia un futuro m\u00e1s sostenible y en armon\u00eda con la naturaleza.<\/p>\n","protected":false},"excerpt":{"rendered":"<p>En medio de la majestuosidad del Bosque Seco Alto Andino, se encuentra un rinc\u00f3n de la naturaleza que se ha convertido en un faro de esperanza para la vida silvestre. Saavita, un proyecto encabezado por Oswaldo Villamizar Escobar, es m\u00e1s que un nombre; es un santuario de biodiversidad en pleno coraz\u00f3n de Barichara. Desde hace m\u00e1s de dos d\u00e9cadas, Oswaldo y su equipo se han dedicado apasionadamente a la investigaci\u00f3n y conservaci\u00f3n de especies nativas que se encuentran en peligro de extinci\u00f3n. En Saavita, su enfoque se ha centrado en recrear microsistemas que favorecen la supervivencia de tres especies de aves en grave riesgo de desaparici\u00f3n, as\u00ed como varias especies de plantas locales que han sido desplazadas por la agricultura y la ganader\u00eda. Aqu\u00ed, estas especies recuperan la oportunidad de prosperar y desempe\u00f1ar su papel vital en el ecosistema. Pero Saavita no es solo un refugio de vida silvestre; es un faro de conocimiento y tradici\u00f3n. En este rinc\u00f3n m\u00e1gico, se han redescubierto los secretos medicinales de los \u00e1rboles nativos, como el jabocillo y el tachuelo, que han sido utilizados en la medicina tradicional local durante generaciones. Estos \u00e1rboles no solo son pilares de la biodiversidad, sino tambi\u00e9n guardianes de antiguas sabidur\u00edas curativas que se est\u00e1n revitalizando. Saavita no es solo un sue\u00f1o ambientalista, sino una realidad tangible. Aqu\u00ed, el conocimiento ancestral se entrelaza con la innovaci\u00f3n, ya que se han aplicado t\u00e9cnicas de origen maya, azteca e ind\u00edgena local de diversas regiones de Colombia, como el norte, el Caribe, el sur, el Pac\u00edfico y la Amazon\u00eda. La combinaci\u00f3n de estos conocimientos ha permitido desarrollar un sistema altamente eficiente que ha sido aplicado en la Reserva Origen del Agua y otros proyectos, logrando la recuperaci\u00f3n y sostenibilidad de suelos anteriormente degradados en un tiempo sorprendentemente corto. Saavita es un faro de sostenibilidad y desarrollo local. El trabajo incansable de Oswaldo y su equipo no solo beneficia a la vida silvestre, sino que tambi\u00e9n impacta positivamente en las comunidades locales. La revitalizaci\u00f3n de ecosistemas va de la mano con la mejora econ\u00f3mica y el bienestar de la gente de la regi\u00f3n. En Saavita, la naturaleza es una farmacia ancestral, un museo viviente de la biodiversidad y un laboratorio de restauraci\u00f3n de ecosistemas. Es un testimonio de c\u00f3mo la pasi\u00f3n, el conocimiento y el compromiso pueden marcar la diferencia en la preservaci\u00f3n de nuestro planeta. Saavita es un faro de esperanza, un refugio de vida silvestre que ilumina el camino hacia un futuro m\u00e1s sostenible y en armon\u00eda con la naturaleza.<\/p>\n","protected":false},"author":1,"featured_media":1005,"parent":0,"menu_order":0,"comment_status":"closed","ping_status":"closed","template":"","meta":{"footnotes":""},"class_list":["post-2","page","type-page","status-publish","has-post-thumbnail","hentry"],"_links":{"self":[{"href":"https:\/\/saavita.org\/index.php\/wp-json\/wp\/v2\/pages\/2","targetHints":{"allow":["GET"]}}],"collection":[{"href":"https:\/\/saavita.org\/index.php\/wp-json\/wp\/v2\/pages"}],"about":[{"href":"https:\/\/saavita.org\/index.php\/wp-json\/wp\/v2\/types\/page"}],"author":[{"embeddable":true,"href":"https:\/\/saavita.org\/index.php\/wp-json\/wp\/v2\/users\/1"}],"replies":[{"embeddable":true,"href":"https:\/\/saavita.org\/index.php\/wp-json\/wp\/v2\/comments?post=2"}],"version-history":[{"count":4,"href":"https:\/\/saavita.org\/index.php\/wp-json\/wp\/v2\/pages\/2\/revisions"}],"predecessor-version":[{"id":1150,"href":"https:\/\/saavita.org\/index.php\/wp-json\/wp\/v2\/pages\/2\/revisions\/1150"}],"wp:featuredmedia":[{"embeddable":true,"href":"https:\/\/saavita.org\/index.php\/wp-json\/wp\/v2\/media\/1005"}],"wp:attachment":[{"href":"https:\/\/saavita.org\/index.php\/wp-json\/wp\/v2\/media?parent=2"}],"curies":[{"name":"wp","href":"https:\/\/api.w.org\/{rel}","templated":true}]}}